 s(k) = 6*k - 17. Let q(a) = -3*p(a) - 5*s(a). Let j be q(6). Suppose 1599 = j*x - x. Is x a prime number?
False
Suppose 4*i = -0*i + 12. Suppose -2*k + 4303 = -i*t, -k - 5*t - 612 = -2770. Is k prime?
True
Let a(j) = -12*j - 41 + 12*j + 9*j. Is a(6) a composite number?
False
Suppose 0 = -5*r + 10, 3*r - 669121 = -20*l + 15*l. Is l composite?
True
Let j be (-5572)/56 - (-1)/2. Let p = j + 545. Is p a composite number?
True
Suppose -g = 3*x - 128, -2*g + 36 = 4*x - 3*x. Let y = x + -35. Is (y/6)/(2 + (-4121)/2062) a composite number?
False
Suppose 44*t + 72*t = 9760820. Is t composite?
True
Suppose 51 = -5*l + 21. Let q(s) = 9*s**2 - 25*s. Let f(o) = o**2 - 1. Let a(j) = l*f(j) + q(j). Is a(19) a prime number?
False
Suppose -12*a + 8*a + 44*a = 2073560. Is a composite?
False
Suppose 2*j - 104 = -2*z, -5*z - 2*j = -5*j - 244. Suppose d - 26 = -z. Is 2721/d*2*(-3 - 1) a composite number?
False
Suppose 3*m = 4*k + 2, -m + 22 = 4*m - 2*k. Suppose -26*g + 23*g = -m. Is ((-9)/(36/(-88)))/g a prime number?
True
Let n(c) = 716*c - 117. Let p be n(41). Let z = -12912 + p. Is z a composite number?
True
Let c = -11 + 16. Suppose -8*z + 2136 = 16*z. Suppose -z = -c*r + 296. Is r composite?
True
Suppose 9*f = 12*f - 120. Let m be (f/18 - 2) + 40563/81. Is (m/6)/(2/4) prime?
True
Is 380/25*(-1 + (-3861)/(-6)) - -1 a prime number?
True
Let z be (84/(-18))/(1/3). Let n be z/32*-18 - (-2)/16. Suppose 3290 = n*j - 2462. Is j composite?
False
Let o(l) = 3274*l - 1. Let g be ((-60)/(-105))/(4/14). Is o(g) composite?
False
Suppose -4*o = 2*o - 474. Let n = o + -61. Let w = 137 - n. Is w a prime number?
False
Let k(p) = 1016*p + 4507. Is k(66) a prime number?
True
Let i = -147 + 176. Suppose -i*h + 6*h + 12673 = 0. Is h prime?
False
Suppose -15*s - 298 = 22322. Let o = 5733 - s. Is o composite?
True
Let k be ((-354)/(-18))/(1/6). Let n = k + -113. Suppose -5*a + 4*y + 3025 = -4*a, n*a = -4*y + 15197. Is a composite?
False
Is 9089*11 - (-55 + 57) prime?
False
Is 273543/(5*51/85) a prime number?
False
Let i(j) = 16*j**3 - 2*j**2 + j + 1. Let g be i(1). Let y be ((-3)/6)/((-8)/g). Is (11268/24)/(y/2) composite?
True
Let r(j) = j + 20. Let y be r(0). Let i be y/(-15)*(0 + 42/4). Is (-3)/((-63)/(-6)) - 6262/i prime?
False
Let d(u) = -2*u**2 + 22*u - 1. Suppose -5*r + 4*y = -51, -4*y = 2*r + r - 37. Let l be d(r). Is 781/(1*(4 - 5))*l prime?
False
Let x be 359 - (8 + -1 - 3). Let j = -270 + 126. Let c = x + j. Is c a composite number?
False
Suppose 4*l - 30209 - 475999 = 0. Suppose -21*p + 29*p = l. Is p composite?
True
Is (((-57)/(-38))/1)/((-1)/1935748*-2) a composite number?
True
Let y = -665761 + 965270. Is y a prime number?
False
Suppose 21*p - 1230161 + 6118478 = 42*p. Is p a prime number?
True
Suppose -2*d - 5*k - 1 = -13, 0 = 2*k - 4. Let p be (0 - (-3 - -4)*d)*5447. Is (-5)/((-100)/(-15)) - p/4 composite?
False
Suppose 5 = -4*c + 13, -2*l = -c - 4. Suppose h + 24 = l*d, -4*d + 4*h = -45 + 13. Suppose d*s - 3*s - 38945 = 0. Is s composite?
False
Let w = -8330 - -26641. Suppose 4*h - 3*n - w = 0, -4*n + 3*n = 1. Is h a prime number?
False
Let j be 4/(-10) - 2*(-94)/20. Suppose -14*i = -j*i - 53145. Suppose -1619 - i = -8*n. Is n prime?
True
Let b = -24024 + 54185. Is b prime?
True
Suppose -37 = -8*v - 5. Let f be ((-12)/(-2) - -1)/(-3 + v). Suppose -f*g + 1477 = -0*g. Is g a composite number?
False
Let s = -77376 - -232039. Is s composite?
True
Let j be (-24 + 29)*1/(-5). Is (-2631)/(-6)*(-10)/j a composite number?
True
Let p be 5 - 1 - (23 - 54589). Let q = p - 37591. Is q prime?
True
Suppose 2*s + 8 = 2*o, -12*o + 14*o + s + 4 = 0. Is (2 + 1475)/(1 - o) prime?
False
Suppose 7*n + 29484 = 4*n. Let a = 18329 + n. Is a a composite number?
False
Let t(m) = 318*m - 7. Let f be t(-4). Let u = f - -4706. Is u composite?
True
Let p(b) = 9853*b - 44. Let z be p(-10). Is z/(-21) + (1 - 4) prime?
True
Let y(l) = 3*l**2 - l - 2. Let a be y(-1). Suppose 25 = 5*u, 5*u = 2*s + 9*u - 2778. Suppose 1046 = a*o + 4*p, -4*p - s = -5*o + 1222. Is o a prime number?
True
Suppose 16*z - 3*s = 21*z - 66674, 53347 = 4*z + 5*s. Suppose -3*g = 4*q - z, -3327 = -q - 8*g + 6*g. Is q a composite number?
True
Suppose -h + 0*r = 5*r + 670, 2*h + 4*r = -1370. Let c = h + 402. Let q = c + 504. Is q a prime number?
True
Suppose -4*g = -2*l + 218, -g - 3*l = -2*l + 47. Let m = 111 + g. Let z = m - -8. Is z prime?
True
Let b be 3/(1 + -1 - 5/4135). Let w = b + 779. Let u = 149 - w. Is u prime?
False
Suppose -16998*a - 3702241 = -17021*a. Is a prime?
True
Let q be -32 + (-2 - (-4 - 0)). Let d = q - -40. Let w = d - -777. Is w a composite number?
False
Is 27659980/30 + -9 + (-26)/(-39) a composite number?
True
Let i(z) be the third derivative of -z**6/24 + z**4/8 + 2*z**3/3 - 3*z**2 - 5*z. Is i(-5) a composite number?
True
Let p(i) = i**2 + 3*i - 6. Let z be p(-5). Let l be 1/z - 56/(-32). Is l/4*(7 - -739) a composite number?
False
Let d(g) = 5*g**3 - g**2 + 6*g - 21. Let p(j) = j + 12. Let l be p(1). Is d(l) a prime number?
False
Suppose m + 73*p - 75*p - 446659 = 0, -3*p - 893317 = -2*m. Is m composite?
False
Suppose 3*v + 5*q = 697, 4*v - 4*q - 428 - 512 = 0. Let f be 3/3 - (35 - 0). Is f/6*v/(-6) a prime number?
False
Let d(q) = -579*q**3 + 13*q**2 - 17*q + 98. Is d(-7) a prime number?
False
Let q be (-162)/36*10940/6. Let v = 2282 - q. Is v composite?
False
Is (2/(-8))/(8/(-3442016)) prime?
True
Suppose 87*y + 19*y - 11841578 = 0. Is y a prime number?
False
Suppose 12 = -4*o, -3*o = 2*d + 4 + 5. Suppose d = 39*v - 38*v - 4. Let n(z) = 26*z**2 - 2*z - 1. Is n(v) a composite number?
True
Let d(y) = 703*y**3 + y**2 - 3*y + 11. Is d(4) prime?
True
Is (((-5)/(-10))/((-2)/(-482488)))/(72 + -70) a composite number?
True
Suppose 4*v + 5 + 7 = 2*u, u + v = 0. Suppose -u*s = 8, 9*t - 3*s - 39634 = 7*t. Is t a composite number?
True
Suppose 4*h + 28 = a, 3*h = -2*h. Let r = 110 - a. Suppose -3*l - 2*v + 275 = 99, l - 4*v - r = 0. Is l prime?
False
Let g be (28/12)/(2/18). Suppose -3*h + g = z + 4*z, 4*h = -2*z. Is (1317/z)/(2/4) a composite number?
False
Let t be 24/(-3) - -15 - -18797. Let h = t - -1859. Is h composite?
False
Suppose -2905368 = 82*d - 94*d. Suppose -27*s + d = 7*s. Is s a composite number?
False
Let q = 5241 - 15385. Let n = -4997 - q. Is n a prime number?
True
Let b be ((-608)/6)/(22/(-33)*1). Let g = b - 138. Is g a composite number?
True
Let i(p) = p - 10. Let m be i(15). Suppose q + 4979 = m*v, v - 4*q + 1 - 993 = 0. Suppose -v = -4*y + 2*y - 5*x, -2*y + 984 = -x. Is y prime?
False
Suppose 4*g + 10461 = -4*j + 39645, -5*g + j + 36486 = 0. Is g prime?
True
Suppose 41*f - 38*f = -s + 70812, f - 5*s = 23620. Is f composite?
True
Let k(o) = o**2 - 5*o - 8. Let w be k(7). Let d(q) = -2*q + 9*q**2 - 6*q**2 + 15 + 0*q**2. Is d(w) composite?
True
Let t be 795/(15*7/35). Suppose -14410 = 255*i - t*i. Is i prime?
False
Suppose 4*u + u - 7 = 4*p, -3*p + 5*u - 4 = 0. Is (-1403)/p - 30/45 prime?
True
Suppose 3*j - 395932 = -279547 + 358398. Is j composite?
False
Let g(r) be the second derivative of 7*r**4/3 - 4*r**3/3 - 11*r**2 - 9*r. Let o be g(-5). Let m = o - 249. Is m a prime number?
False
Let c = 112 + -108. Suppose 2*r - 8730 = -c*j, -4*r + 8728 = -3*j + 7*j. Is j composite?
True
Let r = 8232 + 919. Let n = -6891 - -6895. Suppose m + 4 = 0, -3*l + 5*m = n*m - r. Is l a composite number?
False
Let f(q) = -q**2 - 57*q + 3. Let o = -8 + -21. Is f(o) composite?
True
Suppose 5*p = p. Let v be p + (1 - 3) + 2367. Suppose -3*i = 5*a - 10978, -2*a + 2028 = 3*i - v. Is a a prime number?
False
Is ((-8)/24)/(21/(-32060763)) a composite number?
False
Suppose -66356 = -3*p - 1370. Is p a composite number?
True
Suppose -11041*f = -10945*f - 32911968. Is f a composite number?
False
Let s(v) = -4*v**3 + v**2 - 8*v + 7. Let n be s(2). Let y = 246 + n. Is y composite?
True
Is 103105 + (15 - 4) + 7 a composite number?
False
Is 1948243/(2 - -9) + 6 composite?
True
Let k = 74 - 45. Let b = 30 - k. Is -1 - (b/(-1) + -251) prime?
True
Suppose -3*m - 15 = -3*s, -3*s - 3*m - m = -8. Suppose 0 = 4*b + 16, -s*r + 140 = -3*b + 5*b. Is r composite?
False
Suppose 0 = -2*y + 7*y - 20. Let g(k) = 696*k - 235. Let o be g(1). Suppose -y*u + 14841 = o. Is u prime?
False
Suppose 30*x - 400953 = -4*b + 33*x, -3*b + 2*x = -3